ate a(1).
-20
Let h(a) = 163*a - 14. Determine h(-1).
-177
Let t(k) = k**3 + 26*k**2 + 118*k + 3048. Determine t(-26).
-20
Let m(t) = t**3 - 8*t**2 - 29*t - 45. What is m(11)?
-1
Let b(c) = 10*c**2 + 88*c - 387. Calculate b(4).
125
Let u(d) = -d**3 + 22*d**2 + 73*d - 50. What is u(25)?
-100
Let r(b) = 289*b + 1742. Calculate r(-6).
8
Let i(t) = -2*t**3 + 5*t**2 + 19*t - 83. Determine i(5).
-113
Let g(s) = -69*s - 25. Give g(-3).
182
Let j(p) = -53*p + 637. What is j(12)?
1
Let u(o) = -200*o - 80. Calculate u(-1).
120
Let q(d) = -10*d - 73. Determine q(-6).
-13
Let t(i) = i**2 + 43*i + 230. Determine t(-5).
40
Let u(y) = 14*y**2 - 11*y - 5. What is u(-4)?
263
Let m(c) = -c + 19. Give m(4).
15
Let q(i) = -14*i + 84. Give q(10).
-56
Let a(m) = m**3 - 50*m**2 + 73*m + 612. Calculate a(48).
-492
Let p(y) = -222*y - 1366. Calculate p(-6).
-34
Let m(a) = -131*a + 1645. Determine m(14).
-189
Let b(f) = f**2 - 11*f - 64. Give b(-5).
16
Let t(d) = d**2 + 60*d - 487. What is t(-67)?
-18
Let t(z) = -5*z + 69. Calculate t(15).
-6
Let l(f) = 507*f + 5082. What is l(-10)?
12
Let b(h) = 88*h**2 - 560*h + 2. Give b(6).
-190
Let f(d) = -488*d - 8875. Calculate f(-18).
-91
Let c(v) = -v**3 - 33*v**2 + 35*v + 14. What is c(-34)?
-20
Let x(g) = -g**3 + 97*g**2 + 106*g + 110. Calculate x(98).
894
Let b(f) = 849*f - 10182. Calculate b(12).
6
Let q(s) = -s**3 + 52*s**2 - 42*s + 497. What is q(51)?
956
Let w(j) = j**3 + 6*j**2 + j + 18. What is w(-6)?
12
Let b(r) = 15*r**3 + 12*r**2 + 4*r + 6. Calculate b(-4).
-778
Let h(i) = 199*i + 3852. Give h(-20).
-128
Let c(v) = -2*v**2 + 1447*v + 2891. Calculate c(-2).
-11
Let d(i) = -24*i**2 - 54*i + 5. Give d(-4).
-163
Let n(a) = -a**3 + 24*a**2 + 17*a + 213. Give n(25).
13
Let t(m) = -3*m**3 + 46*m**2 - 232*m - 1. Give t(5).
-386
Let f(q) = -3*q**3 - 5*q**2 + 88*q + 230. Determine f(-3).
2
Let p(c) = -13*c**2 + 212*c - 60. Calculate p(16).
4
Let g(l) = 55*l - 29. Give g(2).
81
Let n(r) = -1684*r + 158292. Determine n(94).
-4
Let l(u) = -589*u - 38868. Give l(-66).
6
Let x(k) = -15*k**2 + 32*k - 104. What is x(3)?
-143
Let d(b) = b**2 - 19*b - 145. What is d(29)?
145
Let x(l) = -5*l**3 - 38*l**2 + 19*l + 18. Determine x(-8).
-6
Let z(w) = -2*w**2 + 7605*w + 45700. Calculate z(-6).
-2
Let w(t) = -4*t**2 - 303*t + 688. Give w(-78).
-14
Let p(k) = -k**3 - 11*k**2 - 10*k - 20. Calculate p(-9).
-92
Let r(i) = -87*i + 358. What is r(9)?
-425
Let s(b) = 4*b**3 - 52*b**2 + 10*b + 20. What is s(13)?
150
Let c(o) = -o**3 - o**2 + 77*o + 268. What is c(-4)?
8
Let y(h) = h**2 + 233*h - 457. Give y(2).
13
Let w(y) = -2*y**3 - 2*y**2 - 10*y - 1. Determine w(5).
-351
Let u(w) = -w**3 + 20*w**2 - 89*w + 18. Give u(14).
-52
Let k(f) = -f**2 + 303*f - 21408. What is k(192)?
-96
Let d(q) = -4*q**2 - 29*q - 180. Calculate d(-11).
-345
Let t(u) = -84*u + 608. What is t(5)?
188
Let i(a) = 30*a**2 + 12*a + 21. Determine i(-3).
255
Let j(m) = -620*m - 1175. Determine j(-2).
65
Let c(w) = w**2 + 17*w - 14922. Give c(114).
12
Let q(n) = 1302*n + 2607. Give q(-2).
3
Let o(b) = -2*b**2 + 78*b - 28. What is o(38)?
48
Let l(k) = -k**3 + 3*k**2 + 47*k - 143. Determine l(7).
-10
Let o(v) = 232*v + 556. What is o(-3)?
-140
Let n(w) = -w**2 + 90*w + 5186. What is n(130)?
-14
Let i(a) = -17*a**2 + 20*a - 7. Determine i(1).
-4
Let t(k) = 43*k + 4196. Give t(-98).
-18
Let i(l) = -2*l**3 - 138*l**2 + 22*l + 1515. Calculate i(-69).
-3
Let o(x) = 28974*x - 115901. Give o(4).
-5
Let c(t) = t**2 + 9*t - 560. Calculate c(-29).
20
Let p(z) = -975*z - 25360. What is p(-26)?
-10
Let n(r) = -r**2 - 190*r - 2318. What is n(-13)?
-17
Let x(w) = 25*w - 452. Give x(18).
-2
Let w(z) = -z**2 + 80*z + 3006. Give w(-27).
117
Let x(q) = -q**3 - 3*q**2 + 16*q - 38. Calculate x(-6).
-26
Let i(f) = 169*f - 410. Give i(4).
266
Let o(f) = f**2 - 227*f + 1099. Give o(5).
-11
Let h(g) = -g**3 + 4*g**2 + 99*g - 14. What is h(12)?
22
Let t(y) = y**3 + 22*y**2 + 73*y + 10. What is t(-5)?
70
Let m(z) = -33860*z + 2. Give m(0).
2
Let b(k) = 9*k**2 - 178*k + 346. Determine b(2).
26
Let w(i) = 2*i**3 - 284*i**2 - 6843*i - 495. Determine w(163).
-6
Let k(p) = -3*p - 56. Determine k(-16).
-8
Let b(i) = 37*i + 141. Calculate b(-7).
-118
Let p(t) = 2*t**2 + 91*t - 3328. What is p(24)?
8
Let g(j) = 4*j**2 - 124*j + 463. Give g(26).
-57
Let i(k) = 2*k**2 - 72*k - 308. Determine i(40).
12
Let b(s) = 1183*s - 8302. What is b(7)?
-21
Let p(c) = 1492*c - 4470. Give p(3).
6
Let i(v) = -2*v + 15. Determine i(6).
3
Let d(u) = -135*u - 15670. Calculate d(-116).
-10
Let c(k) = -k**3 - 8*k**2 - 472*k - 2772. Give c(-6).
-12
Let c(v) = -696*v + 4933. Determine c(7).
61
Let r(b) = -146*b + 11086. Determine r(76).
-10
Let s(d) = 4*d**2 - 86*d - 598. Determine s(27).
-4
Let g(o) = o**3 + 8*o**2 - 27*o - 103. Give g(-8).
113
Let x(r) = r**2 - 87*r + 547. Calculate x(7).
-13
Let t(f) = -37*f**2 + 692*f + 138. What is t(19)?
-71
Let d(o) = -o**2 + 64*o + 331. Calculate d(-6).
-89
Let t(y) = -74*y - 1484. Give t(-20).
-4
Let b(j) = j**2 + 164*j - 1185. What is b(7)?
12
Let o(m) = -4*m**2 - 160*m + 45. What is o(-40)?
45
Let d(w) = 5*w**2 - w + 36. Give d(-5).
166
Let t(f) = -90*f**2 - 347*f - 4. Calculate t(-4).
-56
Let s(v) = 35*v**2 - 167*v - 38. What is s(5)?
2
Let h(n) = n**3 - 13*n**2 - 25*n - 42. What is h(15)?
33
Let i(f) = -f**3 + 29*f**2 - 26*f + 25. Calculate i(28).
81
Let m(i) = 17*i**2 + 156*i + 9. What is m(-9)?
-18
Let j(x) = x**3 - 5*x**2 - 48*x + 4. Give j(9).
-104
Let y(i) = i**3 - 7*i**2 - 7*i + 83. Determine y(8).
91
Let n(m) = 7*m + 554. Calculate n(-82).
-20
Let k(t) = -t**3 - 79*t**2 - 136*t - 10753. Calculate k(-79).
-9
Let f(h) = 2*h**2 - 21*h - 39. Give f(17).
182
Let t(n) = n**3 + 17*n**2 - 379*n + 327. Determine t(-30).
-3
Let j(b) = 23*b**2 + 2068*b - 193. Calculate j(-90).
-13
Let t(y) = -2*y**2 - 264*y - 1504. Determine t(-6).
8
Let i(l) = l**3 - 4*l**2 + 4*l - 16. What is i(4)?
0
Let z(t) = -4*t**2 - 93*t + 1110. Calculate z(-32).
-10
Let y(j) = -942*j - 3771. Calculate y(-4).
-3
Let f(t) = 2*t**3 - 40*t**2 + 99*t - 33. Give f(17).
-84
Let s(n) = -n**2 - 24*n + 432. What is s(12)?
0
Let n(z) = -166*z - 2326. What is n(-15)?
164
Let z(t) = 2*t**2 - 174*t - 2393. Calculate z(-12).
-17
Let y(l) = 8*l**2 - 172*l - 90. Determine y(22).
-2
Let u(v) = -2*v**2 + 66*v + 45. What is u(18)?
585
Let l(j) = -j - 135. Calculate l(28).
-163
Let d(t) = -31*t - 47. What is d(-5)?
108
Let t(y) = -155*y**2 + 9144*y + 58. Calculate t(59).
-1
Let r(u) = u**2 - 30*u - 99. Determine r(32).
-35
Let a(v) = 74*v - 2512. Determine a(33).
-70
Let p(s) = -s - 119. Give p(76).
-195
Let f(g) = -82*g + 404. Calculate f(4).
76
Let s(v) = -2*v**3 + 90*v**2 - 92*v + 115. What is s(44)?
-61
Let d(o) = -o**3 - 12*o**2 - 41*o - 187. Determine d(-8).
-115
Let b(c) = 9*c + 110. Give b(-12).
2
Let s(p) = -p**3 - 11*p**2 - 15*p + 27. Determine s(-8).
-45
Let f(u) = -1014*u - 145002. Determine f(-143).
0
Let z(c) = -2*c**2 - 39*c + 586. Calculate z(11).
-85
Let f(z) = 18*z + 1394. Calculate f(-79).
-28
Let w(t) = -2*t**3 + 280*t**2 - 551*t - 146. What is w(138)?
-8
Let f(s) = 634*s - 2595. Give f(4).
-59
Let t(j) = -30*j - 189. Give t(-4).
-69
Let z(c) = -24*c - 115. What is z(-5)?
5
Let t(w) = 18*w - 1137. Give t(63).
-3
Let f(j) = -46*j**2 + 270*j - 121. Give f(5).
79
Let l(k) = 6476*k - 12937. Calculate l(2).
15
Let v(h) = -2*h**2 - 253*h - 2933. Give v(-13).
18
Let o(x) = -4*x**3 - 10*x**2 + 13*x - 3. Give o(-4).
41
Let g(y) = -31*y**2 + 3689*y + 167. What is g(119)?
167
Let g(q) = -q**3 - 6*q**2 + 31*q + 193. Determine g(-7).
25
Let w(c) = -11*c**2 + c - 24. Calculate w(3).
-120
Let c(k) = -2*k**3 + 11*k**2 + 102*k - 572. Calculate c(7).
-5
Let c(g) = -g**3 + 8*g**2 + 25*g + 73. What is c(11)?
-15
Let y(o) = -o**3 + 41*o**2 + 41*o + 79. What is y(42)?
37
Let y(r) = -3*r**2 - 125*r - 7. What is y(0)?
-7
Let a(z) = -z**2 + 316*z - 10082. Calculate a(36).
-2
Let u(s) = 3*s**2 + 65*s + 404. What is u(-6)?
122
Let l(q) = 84*q**2 + 39*q + 77. Give l(-2).
335
Let a(t) = -t**3 - 10*t**2 - 413*t - 5253. Give a(-12).
-9
Let o(x) = x**3 + 131*x**2 + 376*x - 968. What is o(-128)?
56
Let i(q) = -95*q**2 - 6744*q + 65. Determine i(-71).
-6
Let q(o) = 37*o - 859. What is q(23)?
-8
Let j(i) = 125*i - 876. Determine j(7).
-1
Let g(c) = 